it of 269216?
2
What is the hundreds digit of 3185222?
2
What is the hundred thousands digit of 962169?
9
What is the millions digit of 9993377?
9
What is the thousands digit of 27183?
7
What is the ten thousands digit of 136436?
3
What is the units digit of 3027488?
8
What is the units digit of 340536?
6
What is the tens digit of 2131938?
3
What is the thousands digit of 674731?
4
What is the ten thousands digit of 1286221?
8
What is the hundred thousands digit of 2368761?
3
What is the ten thousands digit of 3022770?
2
What is the thousands digit of 302294?
2
What is the units digit of 1358129?
9
What is the tens digit of 2174040?
4
What is the tens digit of 8329?
2
What is the hundreds digit of 469416?
4
What is the hundred thousands digit of 474396?
4
What is the thousands digit of 1479586?
9
What is the units digit of 23707119?
9
What is the hundred thousands digit of 442508?
4
What is the millions digit of 6219373?
6
What is the hundreds digit of 6357093?
0
What is the tens digit of 107383?
8
What is the thousands digit of 525863?
5
What is the ten thousands digit of 748582?
4
What is the ten thousands digit of 1395127?
9
What is the tens digit of 98981?
8
What is the thousands digit of 11314613?
4
What is the thousands digit of 2360144?
0
What is the thousands digit of 2271403?
1
What is the hundred thousands digit of 2439200?
4
What is the hundreds digit of 7502558?
5
What is the ten thousands digit of 302193?
0
What is the hundreds digit of 89745?
7
What is the hundreds digit of 3458196?
1
What is the tens digit of 253106?
0
What is the hundred thousands digit of 27125911?
1
What is the hundred thousands digit of 13761965?
7
What is the hundred thousands digit of 243255?
2
What is the hundred thousands digit of 25509953?
5
What is the millions digit of 1462009?
1
What is the units digit of 823121?
1
What is the units digit of 11853197?
7
What is the tens digit of 3695706?
0
What is the hundreds digit of 5806339?
3
What is the ten thousands digit of 650826?
5
What is the hundred thousands digit of 1953201?
9
What is the tens digit of 794782?
8
What is the hundred thousands digit of 4656985?
6
What is the tens digit of 2339594?
9
What is the units digit of 1114782?
2
What is the ten thousands digit of 39447?
3
What is the hundred thousands digit of 176150?
1
What is the ten thousands digit of 4125991?
2
What is the tens digit of 8569?
6
What is the tens digit of 6671389?
8
What is the ten thousands digit of 110028?
1
What is the hundred thousands digit of 4393143?
3
What is the units digit of 1228341?
1
What is the tens digit of 424638?
3
What is the units digit of 3177937?
7
What is the hundred thousands digit of 209163?
2
What is the hundreds digit of 96354?
3
What is the units digit of 6411728?
8
What is the ten thousands digit of 161102?
6
What is the ten millions digit of 16067079?
1
What is the millions digit of 1561450?
1
What is the ten millions digit of 10137738?
1
What is the thousands digit of 1800173?
0
What is the hundred thousands digit of 10087321?
0
What is the thousands digit of 1479915?
9
What is the tens digit of 781722?
2
What is the thousands digit of 715857?
5
What is the thousands digit of 518403?
8
What is the thousands digit of 317144?
7
What is the ten millions digit of 43973910?
4
What is the ten thousands digit of 5359657?
5
What is the thousands digit of 11780457?
0
What is the tens digit of 348449?
4
What is the thousands digit of 138331?
8
What is the ten thousands digit of 120518?
2
What is the hundreds digit of 60196?
1
What is the hundreds digit of 1938482?
4
What is the hundreds digit of 175075?
0
What is the thousands digit of 17321?
7
What is the hundreds digit of 15631254?
2
What is the thousands digit of 6534?
6
What is the millions digit of 5063355?
5
What is the hundred thousands digit of 12520249?
5
What is the millions digit of 1086463?
1
What is the hundred thousands digit of 1482309?
4
What is the hundreds digit of 83018?
0
What is the hundreds digit of 19645185?
1
What is the hundred thousands digit of 6155249?
1
What is the thousands digit of 81488?
1
What is the thousands digit of 96203?
6
What is the tens digit of 1633400?
0
What is the units digit of 154287?
7
What is the units digit of 90392?
2
What is the tens digit of 17396?
9
What is the thousands digit of 653727?
3
What is the ten thousands digit of 100129?
0
What is the ten thousands digit of 2480428?
8
What is the tens digit of 878538?
3
What is the millions digit of 1812264?
1
What is the hundred thousands digit of 182436?
1
What is the millions digit of 19100481?
9
What is the ten thousands digit of 575072?
7
What is the thousands digit of 116202?
6
What is the units digit of 130633?
3
What is the units digit of 11871341?
1
What is the units digit of 837850?
0
What is the hundreds digit of 3136586?
5
What is the millions digit of 1068243?
1
What is the thousands digit of 2871750?
1
What is the millions digit of 8831368?
8
What is the thousands digit of 1487518?
7
What is the hundred thousands digit of 256973?
2
What is the hundred thousands digit of 6116804?
1
What is the hundreds digit of 18106144?
1
What is the thousands digit of 137959?
7
What is the tens digit of 1757336?
3
What is the hundred thousands digit of 1777663?
7
What is the hundreds digit of 360449?
4
What is the millions digit of 2777164?
2
What is the ten thousands digit of 20944?
2
What is the thousands digit of 266514?
6
What is the ten thousands digit of 719610?
1
What is the hundreds digit of 885916?
9
What is the hundred thousands digit of 187044?
1
What is the units digit of 484829?
9
What is the tens digit of 3521095?
9
What is the hundreds digit of 221294?
2
What is the millions digit of 1451750?
1
What is the hundred thousands digit of 7142736?
1
What is the thousands digit of 401386?
1
What is the ten thousands digit of 44873?
4
What is the ten millions digit of 23794853?
2
What is the units digit of 6790406?
6
What is the units digit of 142061?
1
What is the hundreds digit of 467076?
0
What is the tens digit of 158631?
3
What is the hundreds digit of 132039?
0
What is the ten millions digit of 19221383?
1
What is the tens digit of 282837?
3
What is the tens digit of 1044236?
3
What is the thousands digit of 335511?
5
What is the millions digit of 6675514?
6
What is the units digit of 13824469?
9
What is the tens digit of 247396?
9
What is the ten thousands digit of 1702284?
0
What is the hundred thousands digit of 735086?
7
What is the thousands digit of 710321?
0
What is the thousands digit of 2221922?
1
What is the hundreds digit of 122162?
1
What is the thousands digit of 734076?
4
What is the thousands digit of 474583?
4
What is the tens digit of 199286?
8
What is the hundred thousands digit of 3914395?
9
What is the thousands digit of 19660201?
0
What is the millions digit of 6702936?
6
What is the thousands digit of 2256929?
6
What is the millions digit of 2157615?
2
What is the hundreds digit of 362625?
6
What is the units digit of 10276613?
3
What is the ten thousands digit of 392767?
9
What is the ten thousands digit of 528870?
2
What is the hundred thousands digit of 982859?
9
What is the units digit of 255105?
5
What is the thousands digit of 24938?
4
What is the thousands digit of 39525425?
5
What is the hundred thousands digit of 26391824?
3
What is the ten thousands digit of 316208?
1
What is the hundred thousands digit of 836472?
8
What is the tens digit of 881145?
4
What is the hundreds digit of 19047935?
9
What is the thousands digit of 2503636?
3
What is the hundred thousands digit of 174820?
1
What is the units digit of 2158771?
1
What is the tens digit of 427480?
8
What is the hundreds digit of 5915972?
9
What is the hundreds digit of 9216420?
4
What is the hundred thousands digit of 4685904?
6
What is the thousands digit of 300007?
0
What is the hundreds digit of 19377800?
8
What is the hundreds digit of 166504?
5
What is the thousands digit of 91855?
1
What is the units digit of 364977?
7
What is the thousands digit of 600471?
0
What is the hundreds digit of 29179900?
9
What is the thousands digit of 210287?
0
What is the ten thousands digit of 1245576?
4
What is the ten millions digit of 27686743?
2
What is the millions dig